{"id":100,"date":"2017-11-14T17:17:58","date_gmt":"2017-11-14T16:17:58","guid":{"rendered":"http:\/\/agonacsecretariat.fr\/?page_id=100"},"modified":"2024-02-09T10:35:29","modified_gmt":"2024-02-09T09:35:29","slug":"prestations","status":"publish","type":"page","link":"https:\/\/agonacsecretariat.fr\/?page_id=100","title":{"rendered":"Prestations"},"content":{"rendered":"<p>Une personne flexible, qui s&rsquo;adapte \u00e0 vos besoins, \u00e0 vos contraintes et \u00e0 votre charge de travail, je suis <strong>VOTRE SECRETAIRE A LA CARTE<\/strong> !<\/p>\n<p>Voici une liste non exhaustive des prestations que je vous r\u00e9alise pour mes clients :<\/p>\n<p><strong>Secr\u00e9tariat administratif<\/strong><br \/>\n&#8211; D\u00e9l\u00e9gation compl\u00e8te ou partielle de la gestion quotidienne administrative<br \/>\n&#8211; Classement\/archivage physique et\/ou num\u00e9rique de documents<br \/>\n&#8211; Elaboration du dossier de qualifications OPQIBI\/QUALIBAT (1\u00e8re demande, contr\u00f4le annuel, renouvellement)<br \/>\n&#8211; Gestion des contrats (v\u00e9hicules, assurances, photocopieurs, t\u00e9l\u00e9phonie mobile et fixe, \u2026)<\/p>\n<p><strong>Gestion des Appels d&rsquo;offres march\u00e9s publics\u00a0<\/strong><br \/>\n&#8211; Formation de la personne en charge de pr\u00e9parer et r\u00e9pondre aux AO<\/p>\n<p>OU\/ET<\/p>\n<p>&#8211; Veille des avis d&rsquo;appels d&rsquo;offres march\u00e9s publics et accord cadre<br \/>\n&#8211; Lecture et analyse du dossier de consultation, listing des pi\u00e8ces \u00e0 remettre<br \/>\n&#8211; Pr\u00e9paration du dossier de candidature \/ offre et remise d\u00e9mat\u00e9rialis\u00e9e<\/p>\n<p><strong>Secr\u00e9tariat RH<\/strong><br \/>\n&#8211; Suivi et pr\u00e9parations des variables de paies (paniers, absences, primes, notes de frais, acompte&#8230;) et transmission au comptable social mensuellement<br \/>\n&#8211; Cr\u00e9ation des dossiers salari\u00e9s (DPAE, visites m\u00e9dicales,&#8230;)<br \/>\n&#8211; Demandes de prises en charge des formations et dossiers d&rsquo;apprentissage (Atlas, Constructys, Fafcea\u2026)<\/p>\n<p><strong>Secr\u00e9tariat comptable<\/strong><br \/>\n&#8211; Etablissement factures, situations, DGD et envoi via Chorus Pro, Ediflex ou autre portail, r\u00e9vision\/actualisation march\u00e9s publics<br \/>\n&#8211; Gestion des \u00e9ch\u00e9ances et paiements des fournisseurs<br \/>\n&#8211; Suivi r\u00e8glements et relances clients<br \/>\n&#8211; Rapprochement bancaire<br \/>\n&#8211; Collaboration avec le cabinet comptable<\/p>\n<p><strong>TARIFS\u00a0<\/strong><\/p>\n<p>En t\u00e9l\u00e9travail \/ Sur site : tarifs en fonction de la demande et de la distance lors d\u2019une intervention sur site (minimum une demi-journ\u00e9e).<\/p>\n<p><strong>Vous souhaitez profiter d&rsquo;un service \u00ab\u00a0\u00e0 la carte\u00a0\u00bb, contactez-moi par t\u00e9l\u00e9phone au\u00a0 06 70 06 80 81 ou par mail contact@agonacsecretariat.fr<\/strong><\/p>\n","protected":false},"excerpt":{"rendered":"<p>Une personne flexible, qui s&rsquo;adapte \u00e0 vos besoins, \u00e0 vos contraintes et \u00e0 votre charge de travail, je suis VOTRE SECRETAIRE A LA CARTE ! Voici une liste non exhaustive &#8230;<\/p>\n","protected":false},"author":1,"featured_media":0,"parent":0,"menu_order":0,"comment_status":"closed","ping_status":"closed","template":"","meta":[],"_links":{"self":[{"href":"https:\/\/agonacsecretariat.fr\/index.php?rest_route=\/wp\/v2\/pages\/100"}],"collection":[{"href":"https:\/\/agonacsecretariat.fr\/index.php?rest_route=\/wp\/v2\/pages"}],"about":[{"href":"https:\/\/agonacsecretariat.fr\/index.php?rest_route=\/wp\/v2\/types\/page"}],"author":[{"embeddable":true,"href":"https:\/\/agonacsecretariat.fr\/index.php?rest_route=\/wp\/v2\/users\/1"}],"replies":[{"embeddable":true,"href":"https:\/\/agonacsecretariat.fr\/index.php?rest_route=%2Fwp%2Fv2%2Fcomments&post=100"}],"version-history":[{"count":28,"href":"https:\/\/agonacsecretariat.fr\/index.php?rest_route=\/wp\/v2\/pages\/100\/revisions"}],"predecessor-version":[{"id":232,"href":"https:\/\/agonacsecretariat.fr\/index.php?rest_route=\/wp\/v2\/pages\/100\/revisions\/232"}],"wp:attachment":[{"href":"https:\/\/agonacsecretariat.fr\/index.php?rest_route=%2Fwp%2Fv2%2Fmedia&parent=100"}],"curies":[{"name":"wp","href":"https:\/\/api.w.org\/{rel}","templated":true}]}}